0, 4*l - 48 = -5*t. Suppose -3*i + l = 3. Let d(x) be the second derivative of x**3/6 + x**2/2 + 3*x. What is d(i)?
4
Let o(s) = -8*s**2 + 2 + 9*s**2 + 5*s + 1. What is o(-3)?
-3
Let q(m) = m**3 - 6*m**2 + 3*m + 5. Suppose 5*v = -0*y - 3*y + 12, 0 = 5*y - 2*v - 20. Calculate q(y).
-15
Let y be 0 - -2 - (-1 + 0). Let z(t) = -3*t**3 - 3 + 2*t**3 + 0*t**3 + 15*t**2 - 11*t**2. What is z(y)?
6
Let o(z) = 2*z**2 - 4*z - 1. Let s be (-8)/(14/4 + -3). Let b = s - -11. Let m(y) = y**3 + 4*y**2 - 5*y + 3. Let l be m(b). What is o(l)?
5
Suppose u = -g + 2, -2*u = 4*g - u - 23. Let c(n) = n - 5. Give c(g).
2
Let n(f) be the second derivative of -f - f**2 - 1/6*f**3 + 0. Let c(d) = -d**2 - 6*d - 3. Let o be c(-4). What is n(o)?
-7
Let g = 8 - 2. Let v(m) = -6*m + 4. Let q be v(-2). Suppose -g = 5*r - q. Let z(h) = h**2 + h - 2. Calculate z(r).
4
Let x(k) be the third derivative of -k**5/60 + 5*k**4/12 + 4*k**3/3 - 2*k**2 + 2. Give x(10).
8
Let w(z) = 8*z**2 + 7*z + 3*z**2 + 0*z**2 - 5 - 13*z**2. Calculate w(4).
-9
Suppose -2*q - 6 = -a, 3*a - 2*a + 3*q - 1 = 0. Let l(f) be the second derivative of 1/12*f**a + 1/2*f**2 + 2*f + 0 + 1/6*f**3. What is l(2)?
7
Let l(j) = j**3 + 6*j**2 + 5*j + 7. Let i(b) = b**3 + 4*b**2 + b + 3. Let t be i(-4). Let v be t*(6 - (0 - -1)). Determine l(v).
7
Suppose -h + 20 = -6*h - 3*l, 0 = 3*h + 3*l + 18. Let d(u) = u. What is d(h)?
-1
Let o(u) = -u + 6. Let i = 16 + -11. Suppose -i - 1 = -p. Suppose -2*r = -p*r. Give o(r).
6
Let i(g) be the first derivative of g**4/2 - 4*g**3/3 + g**2/2 + 2*g - 1. Suppose v = -5 + 7. Determine i(v).
4
Let d = -10 - -8. Let c(x) = 2*x**2 + 4*x + 2. Give c(d).
2
Let b = -9 - -2. Let p(u) = -5*u - 6. Let i(s) = -9*s - 11. Let j(l) = b*p(l) + 4*i(l). Determine j(-1).
-1
Let s(r) = -2*r - 5. Let t(h) = -h + 2*h + 4 + 0*h - 5. Let v(d) = -s(d) + 5*t(d). What is v(-1)?
-7
Let n(r) be the third derivative of -r**7/840 + r**6/180 + r**5/120 + r**4/8 - r**3 - 6*r**2. Let z(f) be the first derivative of n(f). Calculate z(3).
-3
Let m(g) = g**3 - g + 2. Suppose -k = 3*k + 8. Calculate m(k).
-4
Let q(n) = -n**2 + n - 1. Let f(d) = d**2 - 2*d. Let s be f(1). Let u(r) = -r**2 + 10*r + 3. Let l(o) = s*u(o) + 2*q(o). Calculate l(-6).
7
Let s(t) = 2*t. Let v(x) = 14*x + 2. Let g(k) = 8*s(k) - v(k). Calculate g(6).
10
Let j(z) = 2*z + 14*z**2 + 1 - 2*z**2 - 11*z**2. Give j(-1).
0
Let r be 2/5 - 2/5. Let n(i) be the first derivative of -i**4/4 + i**2/2 + i - 10. Determine n(r).
1
Let b(q) = q**3 + q**2 - q + 1. Let m(a) = -2*a**3 + 2*a**2 + 8*a - 5. Let w(n) = 3*b(n) + m(n). Give w(-4).
-6
Let b(h) = -h**3 - 7*h**2 - 2*h + 7. Suppose -23 + 5 = 3*t. Calculate b(t).
-17
Let x(g) = g**3 + g**2. Let f(q) = 7*q**3 + 7*q**2 - q - 5. Let o be 1*(2 + -2 + -1). Let j(i) = o*f(i) + 6*x(i). What is j(0)?
5
Let v(a) = a**2 + 3*a + 1. Let q be v(-3). Let u(b) = 2*b**2 + 2*b**2 - 2 + 3 - b. Give u(q).
4
Let j be -1 + 2 + 3 + -4. Suppose 2*t + j*t = 0. Let c(o) = 5*o - 7. Let g(h) = h - 1. Let b(l) = c(l) - 6*g(l). Give b(t).
-1
Let n(y) = -3*y**2. Let q be n(1). Let w(t) = -t**2 - t + 3. What is w(q)?
-3
Let y(j) be the third derivative of -j**7/2520 - 7*j**6/720 - j**5/20 + j**4/8 + 5*j**2. Let p(q) be the second derivative of y(q). Determine p(-4).
6
Let j(d) = -7*d + 25. Let p(h) = -4*h + 13. Let f(i) = 3*j(i) - 5*p(i). Let l be f(8). Let v(y) = y**3 - y**2 - y + 2. Calculate v(l).
4
Let f(s) = -2*s**2 + 1. Let i(y) = y**3 - 5*y**2 + 2. Let p be i(5). Suppose 6 = -p*m - m. Determine f(m).
-7
Let h(n) = -n**2 - 8*n - 1. Let m be h(-7). Let t(u) = -2*u**3 - 5*u**2 + 3*u**3 - 9 + 7*u - 2*u**2. Calculate t(m).
-3
Let f(t) = -t + 4. Suppose p - 4*p - 15 = 0. Let v be f(p). Let i = -5 + v. Let r(n) = -n**3 + 5*n**2 - 6*n + 2. Calculate r(i).
-6
Suppose -11 = -2*u - 3*g, 4*u + 11 = 6*g - g. Let d = u + -3. Let y(n) be the second derivative of n**5/10 + n**4/6 - n**3/6 + n**2 - n. What is y(d)?
-4
Suppose 2*m = 4*b + 34, 4*m - 29 - 21 = 2*b. Let j = 17 - m. Let t = j - 9. Let k(c) = -c**2 - 4*c + 3. What is k(t)?
6
Let l(m) = m**2 - 6*m. Let j = -44 - -50. Give l(j).
0
Suppose 0 = -2*h + 5*h + 63. Let l be h/(-9) - 1/3. Let g(y) = 3 + y + 7*y + 4*y**2 - 10*y - y**3. What is g(l)?
7
Let z(x) = -x**2 + 9*x - 3. Let a be -4 + ((-1)/4*0 - -12). Calculate z(a).
5
Let x(r) = -r - 3 - 4*r + 3*r + r. Let a be x(-6). Let m(f) = -f - 1. What is m(a)?
-4
Let j be (4/10)/((-3)/(-30)). Let d(g) = 5*g - 3. Let f(p) = p + 1. Let v(i) = d(i) - 2*f(i). What is v(j)?
7
Let v(w) = 4*w**2 - w - 5. Let i(c) = 11*c**2 - 3*c - 14. Let p(a) = -3*i(a) + 8*v(a). Calculate p(-3).
-10
Let c(q) be the first derivative of -q**2/2 + 8*q - 25. Calculate c(0).
8
Let v be 0 + 5/((-10)/(-8)). Let z(q) be the second derivative of -q**4/12 + 5*q**3/6 - q**2 + 4*q. Give z(v).
2
Let v(f) = f - 4. Let p = 6 + -4. Suppose 5*l - 5*z - 25 = 0, l - 5*l + z + 5 = 0. Suppose -p*g - g = l. What is v(g)?
-4
Let k be (-42)/28 - 11/(-2). Suppose 2*y = 9 - 3. Let w(m) = -m**2 + 5*m - m**2 + 1 + y. Give w(k).
-8
Suppose -7*j + 11*j = 0. Let m(p) = p**2 - p + 2. Calculate m(j).
2
Let k(i) = 7*i**3 - 2*i**2 - 12*i - 9. Let m(s) = 15*s**3 - 5*s**2 - 25*s - 19. Let h(g) = 13*k(g) - 6*m(g). Give h(-5).
2
Let s(h) be the third derivative of h**6/120 + h**5/12 + 5*h**4/24 - h**3/6 - 4*h**2. Calculate s(-4).
-5
Suppose 4 = 4*m, 0 = k - 0*k + 3*m - 17. Let o be 60/k + 10/(-35). Let w(a) = -4 + 0*a**3 + a**3 - 4*a**2 + 0*a**3. Give w(o).
-4
Let g = 28 + -20. Let h(r) = r - 3. Let y be h(g). Let v(n) = -n**3 + 5*n**2 + 3. Determine v(y).
3
Let s = 131 + -131. Let y(h) be the second derivative of s + 0*h**4 + 0*h**2 + 1/6*h**3 - 1/4*h**5 - h. Calculate y(-1).
4
Let d be (1 - -2)/(5/(-10)). Let z(k) = k**2 + 8*k + 8. Determine z(d).
-4
Let q(g) = -g - 1. Suppose -3*w = 2*w + 45. Let b be (-6)/w*-3*2. Calculate q(b).
3
Let b(d) = d**2 - 1. Let y(m) = -2*m**3 + 2*m**2 - 1. Let l(c) = 2*b(c) - y(c). Give l(1).
1
Let n(o) = 6*o**3 + o**2 - 1. Let h be n(1). Let j(g) be the first derivative of g**2/2 - 8*g + 1. Determine j(h).
-2
Suppose 3*f - f + 9 = -j, 4*j = 5*f + 3. Let k(x) = -x - 1. Determine k(j).
2
Let v be ((-6)/4)/((-27)/90). Let j be (-6)/15 - 8/v. Let a(r) = -4*r**2 - 3*r. Give a(j).
-10
Let d(b) = -b**3 - 9*b**2 - 7*b + 7. Let x(f) = -3*f - 56. Let z be x(-16). Determine d(z).
-1
Let f(w) = 2*w**3 - w**3 - 5*w**2 + 5 + 9*w**2. Give f(-4).
5
Let b(i) = -i**2 - 7*i - 5. Let d = 11 - 17. Calculate b(d).
1
Suppose 8*d - 4*d - 8 = 0. Let w(r) = 3*r + 0*r - 2*r + d*r**2 + 2*r**2. Let v(c) = -2*c + 1. Let k be v(1). Calculate w(k).
3
Let l be 3*(2/3)/(-1). Suppose 0 = -u + 3*n + 13, 5*u - 2*n - 25 = 3*n. Let t(r) = -r - 2*r**2 - r + u - 3. What is t(l)?
-6
Let m(d) = -d**2 + 3*d + 7. Let n be m(5). Let x(u) = -2*u**2 - 2*u + 2. Give x(n).
-10
Let j be 9/7 - (-12)/(-42). Let x(y) = -y + j + 2*y + 2*y - 2*y + y**2. Calculate x(0).
1
Let p(u) = 7*u**2 + 10*u + 10. Let l(d) = -d**2 - d - 1. Let o(a) = 6*l(a) + p(a). Give o(-3).
1
Let o(h) = 2*h + 3. Let w(u) be the first derivative of u**4/4 + 2*u**3 - 7*u**2/2 - 4*u + 3. Let q be w(-7). Give o(q).
-5
Let w = -6 + 1. Let b(q) = 505 - 6*q - 3*q**2 + q**2 - 498. Give b(w).
-13
Let u = 11 + -5. Let t be 0*(-1 + 9/u). Let q(w) = 3*w + 3 - w - 4*w + t*w. What is q(4)?
-5
Let q(r) = -10*r - 4. Let v(l) = -60*l - 25. Let m(t) = 25*q(t) - 4*v(t). Determine m(2).
-20
Let m(g) = -6*g**2 - 1. Let t be (9/(-5))/((-15)/50). Let b be (-3 - -1)*3/t. Calculate m(b).
-7
Let d(f) = 8*f. Let j(m) = m. Let t(y) = d(y) - 6*j(y). What is t(-5)?
-10
Let f be -4*(-12)/16 - -12. Suppose m - 4*m = f. Let v(w) = w**2 + 6*w + 7. Give v(m).
2
Let i be 0*(6/(-4) + 1). Let t(p) = i + 7*p**2 + 16*p - 1 - 14*p. What is t(1)?
8
Suppose -40 = -0*z - 5*z. Suppose z*o - 11*o = -15. Let i(f) = f + 6. Determine i(o).
11
Suppose -4*d + 1 - 13 = 0. Let h(v) = v**3 - 3*v**2 + 7. Let b(t) = 3*t**3 - 8*t**2 + 20. Let s(z) = -6*b(z) + 17*h(z). Calculate s(d).
-1
Let y(a) = a + 5. Let l be y(-11). Let q(n) = n + 11. Let v be q(l). Let i = v - 5. Let h(c) = -c**3 - c**2 - c. Calculate h(i).
0
Suppose -3*y + 20 = -8*y, 34 = 5*m - y. Let a = m + -11. Let c(u) = -3*u - 1. Let v(l) = 4*l + 1. Let w(p) = -5*c(p) - 4*v(p). Give w(a).
6
Suppose 5*s - 2*s = 33. Suppose 2*c - 5 - 3 = k, -3*c + k = -